{"id":11694,"date":"2020-06-23T10:06:15","date_gmt":"2020-06-23T13:06:15","guid":{"rendered":"https:\/\/soberanadistribuidora.com.br\/site\/?post_type=product&#038;p=11694"},"modified":"2020-09-03T08:11:59","modified_gmt":"2020-09-03T11:11:59","slug":"termometro-culinario-vareta","status":"publish","type":"product","link":"https:\/\/soberanadistribuidora.com.br\/site\/?product=termometro-culinario-vareta","title":{"rendered":"Term\u00f4metro Culin\u00e1rio Vareta"},"content":{"rendered":"<p>O term\u00f4metro culin\u00e1rio da Ferimte \u00e9 ideal para auxiliar na prepara\u00e7\u00e3o de v\u00e1rias receitas.<\/p>\n<p>Bot\u00e3o On\/Off Liga e desliga o aparelho.<\/p>\n<p>Pressione o Bot\u00e3o Hold para fixar a temperatura quando estiver medindo e pressione novamente para iniciar uma nova medi\u00e7\u00e3o.<\/p>\n<p>Pressione \u00baC e \u00baF para selecionar a escala que deseja utilizar. Max\/Min. Mostra a maior e a menor temperatura medida.<\/p>\n<p>Faixa de temperatura-50\u00b0C &#8211; +300\u00b0C (-58\u00b0 F &#8211; 572\u00b0F)<\/p>\n<p>Sonda de a\u00e7o inox: Comprimento 150mm<\/p>\n<p>Com tubo<\/p>\n","protected":false},"excerpt":{"rendered":"<p><strong>Marca:<\/strong> Ferimte<\/p>\n","protected":false},"featured_media":11695,"comment_status":"open","ping_status":"closed","template":"","meta":{"_monsterinsights_skip_tracking":false,"_monsterinsights_sitenote_active":false,"_monsterinsights_sitenote_note":"","_monsterinsights_sitenote_category":0},"class_list":{"0":"post-11694","1":"product","2":"type-product","3":"status-publish","4":"has-post-thumbnail","6":"product_cat-diversos","7":"product_cat-ferimte","8":"product_shipping_class-correios","10":"first","11":"instock","12":"shipping-taxable","13":"product-type-simple"},"yoast_head":"<!-- This site is optimized with the Yoast SEO plugin v15.4 - https:\/\/yoast.com\/wordpress\/plugins\/seo\/ -->\n<title>Term\u00f4metro Culin\u00e1rio Vareta | Soberana Distribuidora<\/title>\n<meta name=\"description\" content=\"O term\u00f4metro culin\u00e1rio da Ferimte \u00e9 ideal para te auxiliar na prepara\u00e7\u00e3o de v\u00e1rias receitas. Confira!\" \/>\n<meta name=\"robots\" content=\"index, follow, max-snippet:-1, max-image-preview:large, max-video-preview:-1\" \/>\n<link rel=\"canonical\" href=\"https:\/\/soberanadistribuidora.com.br\/site\/?product=termometro-culinario-vareta\" \/>\n<meta property=\"og:locale\" content=\"pt_BR\" \/>\n<meta property=\"og:type\" content=\"article\" \/>\n<meta property=\"og:title\" content=\"Term\u00f4metro Culin\u00e1rio Vareta | Soberana Distribuidora\" \/>\n<meta property=\"og:description\" content=\"O term\u00f4metro culin\u00e1rio da Ferimte \u00e9 ideal para te auxiliar na prepara\u00e7\u00e3o de v\u00e1rias receitas. Confira!\" \/>\n<meta property=\"og:url\" content=\"https:\/\/soberanadistribuidora.com.br\/site\/?product=termometro-culinario-vareta\" \/>\n<meta property=\"og:site_name\" content=\"Soberana Distribuidora\" \/>\n<meta property=\"article:publisher\" content=\"https:\/\/www.facebook.com\/soberanadistribuidora\" \/>\n<meta property=\"article:modified_time\" content=\"2020-09-03T11:11:59+00:00\" \/>\n<meta property=\"og:image\" content=\"https:\/\/soberanadistribuidora.com.br\/site\/wp-content\/uploads\/2020\/06\/termometro-culinario-ferimte.jpg\" \/>\n\t<meta property=\"og:image:width\" content=\"600\" \/>\n\t<meta property=\"og:image:height\" content=\"600\" \/>\n<meta name=\"twitter:card\" content=\"summary_large_image\" \/>\n<meta name=\"twitter:label1\" content=\"Written by\">\n\t<meta name=\"twitter:data1\" content=\"Clara Gon\u00e7alves de Oliveira\">\n\t<meta name=\"twitter:label2\" content=\"Est. reading time\">\n\t<meta name=\"twitter:data2\" content=\"0 minuto\">\n<script type=\"application\/ld+json\" class=\"yoast-schema-graph\">{\"@context\":\"https:\/\/schema.org\",\"@graph\":[{\"@type\":\"Organization\",\"@id\":\"https:\/\/soberanadistribuidora.com.br\/site\/#organization\",\"name\":\"Soberana Distribuidora\",\"url\":\"https:\/\/soberanadistribuidora.com.br\/site\/\",\"sameAs\":[\"https:\/\/www.facebook.com\/soberanadistribuidora\",\"https:\/\/www.instagram.com\/soberanadistribuidora\/\"],\"logo\":{\"@type\":\"ImageObject\",\"@id\":\"https:\/\/soberanadistribuidora.com.br\/site\/#logo\",\"inLanguage\":\"pt-BR\",\"url\":\"https:\/\/soberanadistribuidora.com.br\/site\/wp-content\/uploads\/2020\/04\/sob.png\",\"width\":244,\"height\":85,\"caption\":\"Soberana Distribuidora\"},\"image\":{\"@id\":\"https:\/\/soberanadistribuidora.com.br\/site\/#logo\"}},{\"@type\":\"WebSite\",\"@id\":\"https:\/\/soberanadistribuidora.com.br\/site\/#website\",\"url\":\"https:\/\/soberanadistribuidora.com.br\/site\/\",\"name\":\"Soberana Distribuidora\",\"description\":\"Utens\\u00edlios de cozinha para bares, hot\\u00e9is e restaurantes\",\"publisher\":{\"@id\":\"https:\/\/soberanadistribuidora.com.br\/site\/#organization\"},\"potentialAction\":[{\"@type\":\"SearchAction\",\"target\":\"https:\/\/soberanadistribuidora.com.br\/site\/?s={search_term_string}\",\"query-input\":\"required name=search_term_string\"}],\"inLanguage\":\"pt-BR\"},{\"@type\":\"ImageObject\",\"@id\":\"https:\/\/soberanadistribuidora.com.br\/site\/?product=termometro-culinario-vareta#primaryimage\",\"inLanguage\":\"pt-BR\",\"url\":\"https:\/\/soberanadistribuidora.com.br\/site\/wp-content\/uploads\/2020\/06\/termometro-culinario-ferimte.jpg\",\"width\":600,\"height\":600,\"caption\":\"termometro culinario\"},{\"@type\":\"WebPage\",\"@id\":\"https:\/\/soberanadistribuidora.com.br\/site\/?product=termometro-culinario-vareta#webpage\",\"url\":\"https:\/\/soberanadistribuidora.com.br\/site\/?product=termometro-culinario-vareta\",\"name\":\"Term\\u00f4metro Culin\\u00e1rio Vareta | Soberana Distribuidora\",\"isPartOf\":{\"@id\":\"https:\/\/soberanadistribuidora.com.br\/site\/#website\"},\"primaryImageOfPage\":{\"@id\":\"https:\/\/soberanadistribuidora.com.br\/site\/?product=termometro-culinario-vareta#primaryimage\"},\"datePublished\":\"2020-06-23T13:06:15+00:00\",\"dateModified\":\"2020-09-03T11:11:59+00:00\",\"description\":\"O term\\u00f4metro culin\\u00e1rio da Ferimte \\u00e9 ideal para te auxiliar na prepara\\u00e7\\u00e3o de v\\u00e1rias receitas. Confira!\",\"inLanguage\":\"pt-BR\",\"potentialAction\":[{\"@type\":\"ReadAction\",\"target\":[\"https:\/\/soberanadistribuidora.com.br\/site\/?product=termometro-culinario-vareta\"]}]}]}<\/script>\n<!-- \/ Yoast SEO plugin. -->","_links":{"self":[{"href":"https:\/\/soberanadistribuidora.com.br\/site\/index.php?rest_route=\/wp\/v2\/product\/11694","targetHints":{"allow":["GET"]}}],"collection":[{"href":"https:\/\/soberanadistribuidora.com.br\/site\/index.php?rest_route=\/wp\/v2\/product"}],"about":[{"href":"https:\/\/soberanadistribuidora.com.br\/site\/index.php?rest_route=\/wp\/v2\/types\/product"}],"replies":[{"embeddable":true,"href":"https:\/\/soberanadistribuidora.com.br\/site\/index.php?rest_route=%2Fwp%2Fv2%2Fcomments&post=11694"}],"wp:featuredmedia":[{"embeddable":true,"href":"https:\/\/soberanadistribuidora.com.br\/site\/index.php?rest_route=\/wp\/v2\/media\/11695"}],"wp:attachment":[{"href":"https:\/\/soberanadistribuidora.com.br\/site\/index.php?rest_route=%2Fwp%2Fv2%2Fmedia&parent=11694"}],"curies":[{"name":"wp","href":"https:\/\/api.w.org\/{rel}","templated":true}]}}

Termômetro Culinário Vareta

<p>O termômetro culinário da Ferimte é ideal para auxiliar na preparação de várias receitas.</p>
<p>Botão On/Off Liga e desliga o aparelho.</p>
<p>Pressione o Botão Hold para fixar a temperatura quando estiver medindo e pressione novamente para iniciar uma nova medição.</p>
<p>Pressione ºC e ºF para selecionar a escala que deseja utilizar. Max/Min. Mostra a maior e a menor temperatura medida.</p>
<p>Faixa de temperatura-50°C &#8211; +300°C (-58° F &#8211; 572°F)</p>
<p>Sonda de aço inox: Comprimento 150mm</p>
<p>Com tubo</p>

<!-- This site is optimized with the Yoast SEO plugin v15.4 - https://yoast.com/wordpress/plugins/seo/ -->
<title>Termômetro Culinário Vareta | Soberana Distribuidora</title>
<meta name="description" content="O termômetro culinário da Ferimte é ideal para te auxiliar na preparação de várias receitas. Confira!" />
<meta name="robots" content="index, follow, max-snippet:-1, max-image-preview:large, max-video-preview:-1" />
<link rel="canonical" href="https://soberanadistribuidora.com.br/site/?product=termometro-culinario-vareta" />
<meta property="og:locale" content="pt_BR" />
<meta property="og:type" content="article" />
<meta property="og:title" content="Termômetro Culinário Vareta | Soberana Distribuidora" />
<meta property="og:description" content="O termômetro culinário da Ferimte é ideal para te auxiliar na preparação de várias receitas. Confira!" />
<meta property="og:url" content="https://soberanadistribuidora.com.br/site/?product=termometro-culinario-vareta" />
<meta property="og:site_name" content="Soberana Distribuidora" />
<meta property="article:publisher" content="https://www.facebook.com/soberanadistribuidora" />
<meta property="article:modified_time" content="2020-09-03T11:11:59+00:00" />
<meta property="og:image" content="https://soberanadistribuidora.com.br/site/wp-content/uploads/2020/06/termometro-culinario-ferimte.jpg" />
	<meta property="og:image:width" content="600" />
	<meta property="og:image:height" content="600" />
<meta name="twitter:card" content="summary_large_image" />
<meta name="twitter:label1" content="Written by">
	<meta name="twitter:data1" content="Clara Gonçalves de Oliveira">
	<meta name="twitter:label2" content="Est. reading time">
	<meta name="twitter:data2" content="0 minuto">
<script type="application/ld+json" class="yoast-schema-graph">{"@context":"https://schema.org","@graph":[{"@type":"Organization","@id":"https://soberanadistribuidora.com.br/site/#organization","name":"Soberana Distribuidora","url":"https://soberanadistribuidora.com.br/site/","sameAs":["https://www.facebook.com/soberanadistribuidora","https://www.instagram.com/soberanadistribuidora/"],"logo":{"@type":"ImageObject","@id":"https://soberanadistribuidora.com.br/site/#logo","inLanguage":"pt-BR","url":"https://soberanadistribuidora.com.br/site/wp-content/uploads/2020/04/sob.png","width":244,"height":85,"caption":"Soberana Distribuidora"},"image":{"@id":"https://soberanadistribuidora.com.br/site/#logo"}},{"@type":"WebSite","@id":"https://soberanadistribuidora.com.br/site/#website","url":"https://soberanadistribuidora.com.br/site/","name":"Soberana Distribuidora","description":"Utens\u00edlios de cozinha para bares, hot\u00e9is e restaurantes","publisher":{"@id":"https://soberanadistribuidora.com.br/site/#organization"},"potentialAction":[{"@type":"SearchAction","target":"https://soberanadistribuidora.com.br/site/?s={search_term_string}","query-input":"required name=search_term_string"}],"inLanguage":"pt-BR"},{"@type":"ImageObject","@id":"https://soberanadistribuidora.com.br/site/?product=termometro-culinario-vareta#primaryimage","inLanguage":"pt-BR","url":"https://soberanadistribuidora.com.br/site/wp-content/uploads/2020/06/termometro-culinario-ferimte.jpg","width":600,"height":600,"caption":"termometro culinario"},{"@type":"WebPage","@id":"https://soberanadistribuidora.com.br/site/?product=termometro-culinario-vareta#webpage","url":"https://soberanadistribuidora.com.br/site/?product=termometro-culinario-vareta","name":"Term\u00f4metro Culin\u00e1rio Vareta | Soberana Distribuidora","isPartOf":{"@id":"https://soberanadistribuidora.com.br/site/#website"},"primaryImageOfPage":{"@id":"https://soberanadistribuidora.com.br/site/?product=termometro-culinario-vareta#primaryimage"},"datePublished":"2020-06-23T13:06:15+00:00","dateModified":"2020-09-03T11:11:59+00:00","description":"O term\u00f4metro culin\u00e1rio da Ferimte \u00e9 ideal para te auxiliar na prepara\u00e7\u00e3o de v\u00e1rias receitas. Confira!","inLanguage":"pt-BR","potentialAction":[{"@type":"ReadAction","target":["https://soberanadistribuidora.com.br/site/?product=termometro-culinario-vareta"]}]}]}</script>
<!-- / Yoast SEO plugin. -->
