{"id":11674,"date":"2020-06-22T13:02:00","date_gmt":"2020-06-22T16:02:00","guid":{"rendered":"https:\/\/soberanadistribuidora.com.br\/site\/?post_type=product&#038;p=11674"},"modified":"2020-09-03T08:11:58","modified_gmt":"2020-09-03T11:11:58","slug":"garrafa-termica-pressao-com-alavanca-25-l","status":"publish","type":"product","link":"https:\/\/soberanadistribuidora.com.br\/site\/?product=garrafa-termica-pressao-com-alavanca-25-l","title":{"rendered":"Garrafa T\u00e9rmica Press\u00e3o com Alavanca 2,5 Litros"},"content":{"rendered":"<p>A garrafa t\u00e9rmica da Marcamix &#8211; Termopro \u00e9 ideal para qualquer tipo de bebida, excelente para manter l\u00edquidos frios ou quentes na temperatura adequada.<\/p>\n<p>Fabricada em a\u00e7o inox de alta qualidade, com dupla parede interna que gera isolamento a v\u00e1cuo para manter as bebidas quentes por at\u00e9 6 horas ou geladas por 12 horas.<\/p>\n<p>Possui design inovador, camada protetora que evita marcas e arranh\u00f5es, tampa em polipropileno remov\u00edvel que facilita a limpeza, com al\u00e7as refor\u00e7adas.<\/p>\n","protected":false},"excerpt":{"rendered":"<p><strong>Marca<\/strong>: MarcaMix &#8211; Termopro<\/p>\n","protected":false},"featured_media":11675,"comment_status":"open","ping_status":"closed","template":"","meta":{"_monsterinsights_skip_tracking":false,"_monsterinsights_sitenote_active":false,"_monsterinsights_sitenote_note":"","_monsterinsights_sitenote_category":0},"class_list":{"0":"post-11674","1":"product","2":"type-product","3":"status-publish","4":"has-post-thumbnail","6":"product_cat-marcamix-termicos","7":"product_cat-termicos","8":"product_shipping_class-correios","10":"first","11":"instock","12":"shipping-taxable","13":"product-type-simple"},"yoast_head":"<!-- This site is optimized with the Yoast SEO plugin v15.4 - https:\/\/yoast.com\/wordpress\/plugins\/seo\/ -->\n<title>Garrafa T\u00e9rmica Press\u00e3o com Alavanca 2,5 Litros | Soberana Distribuidora<\/title>\n<meta name=\"description\" content=\"A garrafa t\u00e9rmica da Marcamix - Termopro \u00e9 ideal para qualquer tipo de bebida, \u00e9 excelente para manter l\u00edquidos frios ou quentes na temperatura adequada.\" \/>\n<meta name=\"robots\" content=\"index, follow, max-snippet:-1, max-image-preview:large, max-video-preview:-1\" \/>\n<link rel=\"canonical\" href=\"https:\/\/soberanadistribuidora.com.br\/site\/?product=garrafa-termica-pressao-com-alavanca-25-l\" \/>\n<meta property=\"og:locale\" content=\"pt_BR\" \/>\n<meta property=\"og:type\" content=\"article\" \/>\n<meta property=\"og:title\" content=\"Garrafa T\u00e9rmica Press\u00e3o com Alavanca 2,5 Litros | Soberana Distribuidora\" \/>\n<meta property=\"og:description\" content=\"A garrafa t\u00e9rmica da Marcamix - Termopro \u00e9 ideal para qualquer tipo de bebida, \u00e9 excelente para manter l\u00edquidos frios ou quentes na temperatura adequada.\" \/>\n<meta property=\"og:url\" content=\"https:\/\/soberanadistribuidora.com.br\/site\/?product=garrafa-termica-pressao-com-alavanca-25-l\" \/>\n<meta property=\"og:site_name\" content=\"Soberana Distribuidora\" \/>\n<meta property=\"article:publisher\" content=\"https:\/\/www.facebook.com\/soberanadistribuidora\" \/>\n<meta property=\"article:modified_time\" content=\"2020-09-03T11:11:58+00:00\" \/>\n<meta property=\"og:image\" content=\"https:\/\/soberanadistribuidora.com.br\/site\/wp-content\/uploads\/2020\/06\/garrafa-termica-25l-termopro.jpg\" \/>\n\t<meta property=\"og:image:width\" content=\"975\" \/>\n\t<meta property=\"og:image:height\" content=\"975\" \/>\n<meta name=\"twitter:card\" content=\"summary_large_image\" \/>\n<meta name=\"twitter:label1\" content=\"Written by\">\n\t<meta name=\"twitter:data1\" content=\"Clara Gon\u00e7alves de Oliveira\">\n\t<meta name=\"twitter:label2\" content=\"Est. reading time\">\n\t<meta name=\"twitter:data2\" content=\"0 minuto\">\n<script type=\"application\/ld+json\" class=\"yoast-schema-graph\">{\"@context\":\"https:\/\/schema.org\",\"@graph\":[{\"@type\":\"Organization\",\"@id\":\"https:\/\/soberanadistribuidora.com.br\/site\/#organization\",\"name\":\"Soberana Distribuidora\",\"url\":\"https:\/\/soberanadistribuidora.com.br\/site\/\",\"sameAs\":[\"https:\/\/www.facebook.com\/soberanadistribuidora\",\"https:\/\/www.instagram.com\/soberanadistribuidora\/\"],\"logo\":{\"@type\":\"ImageObject\",\"@id\":\"https:\/\/soberanadistribuidora.com.br\/site\/#logo\",\"inLanguage\":\"pt-BR\",\"url\":\"https:\/\/soberanadistribuidora.com.br\/site\/wp-content\/uploads\/2020\/04\/sob.png\",\"width\":244,\"height\":85,\"caption\":\"Soberana Distribuidora\"},\"image\":{\"@id\":\"https:\/\/soberanadistribuidora.com.br\/site\/#logo\"}},{\"@type\":\"WebSite\",\"@id\":\"https:\/\/soberanadistribuidora.com.br\/site\/#website\",\"url\":\"https:\/\/soberanadistribuidora.com.br\/site\/\",\"name\":\"Soberana Distribuidora\",\"description\":\"Utens\\u00edlios de cozinha para bares, hot\\u00e9is e restaurantes\",\"publisher\":{\"@id\":\"https:\/\/soberanadistribuidora.com.br\/site\/#organization\"},\"potentialAction\":[{\"@type\":\"SearchAction\",\"target\":\"https:\/\/soberanadistribuidora.com.br\/site\/?s={search_term_string}\",\"query-input\":\"required name=search_term_string\"}],\"inLanguage\":\"pt-BR\"},{\"@type\":\"ImageObject\",\"@id\":\"https:\/\/soberanadistribuidora.com.br\/site\/?product=garrafa-termica-pressao-com-alavanca-25-l#primaryimage\",\"inLanguage\":\"pt-BR\",\"url\":\"https:\/\/soberanadistribuidora.com.br\/site\/wp-content\/uploads\/2020\/06\/garrafa-termica-25l-termopro.jpg\",\"width\":975,\"height\":975,\"caption\":\"garrafa termica\"},{\"@type\":\"WebPage\",\"@id\":\"https:\/\/soberanadistribuidora.com.br\/site\/?product=garrafa-termica-pressao-com-alavanca-25-l#webpage\",\"url\":\"https:\/\/soberanadistribuidora.com.br\/site\/?product=garrafa-termica-pressao-com-alavanca-25-l\",\"name\":\"Garrafa T\\u00e9rmica Press\\u00e3o com Alavanca 2,5 Litros | Soberana Distribuidora\",\"isPartOf\":{\"@id\":\"https:\/\/soberanadistribuidora.com.br\/site\/#website\"},\"primaryImageOfPage\":{\"@id\":\"https:\/\/soberanadistribuidora.com.br\/site\/?product=garrafa-termica-pressao-com-alavanca-25-l#primaryimage\"},\"datePublished\":\"2020-06-22T16:02:00+00:00\",\"dateModified\":\"2020-09-03T11:11:58+00:00\",\"description\":\"A garrafa t\\u00e9rmica da Marcamix - Termopro \\u00e9 ideal para qualquer tipo de bebida, \\u00e9 excelente para manter l\\u00edquidos frios ou quentes na temperatura adequada.\",\"inLanguage\":\"pt-BR\",\"potentialAction\":[{\"@type\":\"ReadAction\",\"target\":[\"https:\/\/soberanadistribuidora.com.br\/site\/?product=garrafa-termica-pressao-com-alavanca-25-l\"]}]}]}<\/script>\n<!-- \/ Yoast SEO plugin. -->","_links":{"self":[{"href":"https:\/\/soberanadistribuidora.com.br\/site\/index.php?rest_route=\/wp\/v2\/product\/11674","targetHints":{"allow":["GET"]}}],"collection":[{"href":"https:\/\/soberanadistribuidora.com.br\/site\/index.php?rest_route=\/wp\/v2\/product"}],"about":[{"href":"https:\/\/soberanadistribuidora.com.br\/site\/index.php?rest_route=\/wp\/v2\/types\/product"}],"replies":[{"embeddable":true,"href":"https:\/\/soberanadistribuidora.com.br\/site\/index.php?rest_route=%2Fwp%2Fv2%2Fcomments&post=11674"}],"wp:featuredmedia":[{"embeddable":true,"href":"https:\/\/soberanadistribuidora.com.br\/site\/index.php?rest_route=\/wp\/v2\/media\/11675"}],"wp:attachment":[{"href":"https:\/\/soberanadistribuidora.com.br\/site\/index.php?rest_route=%2Fwp%2Fv2%2Fmedia&parent=11674"}],"curies":[{"name":"wp","href":"https:\/\/api.w.org\/{rel}","templated":true}]}}