{"id":11032,"date":"2020-05-20T12:36:59","date_gmt":"2020-05-20T15:36:59","guid":{"rendered":"http:\/\/soberanadistribuidora.com.br\/site\/?post_type=product&#038;p=11032"},"modified":"2020-09-03T14:15:58","modified_gmt":"2020-09-03T17:15:58","slug":"quebra-nozes-tramontina","status":"publish","type":"product","link":"https:\/\/soberanadistribuidora.com.br\/site\/?product=quebra-nozes-tramontina","title":{"rendered":"Quebra Nozes"},"content":{"rendered":"<p>O quebra nozes da Tramontina tem um cabo com designer diferenciado, com detalhes para maior firmeza e seguran\u00e7a no manuseio.<\/p>\n<p>Pode ir \u00e0 m\u00e1quina de lavar lou\u00e7as facilitando seu dia a dia.<\/p>\n<p>Para maior durabilidade do produto recomenda-se secar bem antes de guardar, mesmo ap\u00f3s lavagem em m\u00e1quina<\/p>\n","protected":false},"excerpt":{"rendered":"<p><strong>Marca<\/strong>: Tramontina<\/p>\n","protected":false},"featured_media":11034,"comment_status":"open","ping_status":"closed","template":"","meta":{"_monsterinsights_skip_tracking":false,"_monsterinsights_sitenote_active":false,"_monsterinsights_sitenote_note":"","_monsterinsights_sitenote_category":0},"class_list":{"0":"post-11032","1":"product","2":"type-product","3":"status-publish","4":"has-post-thumbnail","6":"product_cat-inox","7":"product_cat-tramontina-inox","8":"product_shipping_class-correios","10":"first","11":"instock","12":"shipping-taxable","13":"product-type-simple"},"yoast_head":"<!-- This site is optimized with the Yoast SEO plugin v15.4 - https:\/\/yoast.com\/wordpress\/plugins\/seo\/ -->\n<title>Quebra Nozes | Soberana Distribuidora<\/title>\n<meta name=\"description\" content=\"O quebra nozes da Tramontina tem um cabo com designer diferenciado, com detalhes para maior firmeza e seguran\u00e7a no manuseio. Confira!\" \/>\n<meta name=\"robots\" content=\"index, follow, max-snippet:-1, max-image-preview:large, max-video-preview:-1\" \/>\n<link rel=\"canonical\" href=\"https:\/\/soberanadistribuidora.com.br\/site\/?product=quebra-nozes-tramontina\" \/>\n<meta property=\"og:locale\" content=\"pt_BR\" \/>\n<meta property=\"og:type\" content=\"article\" \/>\n<meta property=\"og:title\" content=\"Quebra Nozes | Soberana Distribuidora\" \/>\n<meta property=\"og:description\" content=\"O quebra nozes da Tramontina tem um cabo com designer diferenciado, com detalhes para maior firmeza e seguran\u00e7a no manuseio. Confira!\" \/>\n<meta property=\"og:url\" content=\"https:\/\/soberanadistribuidora.com.br\/site\/?product=quebra-nozes-tramontina\" \/>\n<meta property=\"og:site_name\" content=\"Soberana Distribuidora\" \/>\n<meta property=\"article:publisher\" content=\"https:\/\/www.facebook.com\/soberanadistribuidora\" \/>\n<meta property=\"article:modified_time\" content=\"2020-09-03T17:15:58+00:00\" \/>\n<meta property=\"og:image\" content=\"https:\/\/soberanadistribuidora.com.br\/site\/wp-content\/uploads\/2020\/05\/quebra-nozes-tramontinA.jpg\" \/>\n\t<meta property=\"og:image:width\" content=\"600\" \/>\n\t<meta property=\"og:image:height\" content=\"600\" \/>\n<meta name=\"twitter:card\" content=\"summary_large_image\" \/>\n<meta name=\"twitter:label1\" content=\"Written by\">\n\t<meta name=\"twitter:data1\" content=\"Clara Gon\u00e7alves de Oliveira\">\n\t<meta name=\"twitter:label2\" content=\"Est. reading time\">\n\t<meta name=\"twitter:data2\" content=\"0 minuto\">\n<script type=\"application\/ld+json\" class=\"yoast-schema-graph\">{\"@context\":\"https:\/\/schema.org\",\"@graph\":[{\"@type\":\"Organization\",\"@id\":\"https:\/\/soberanadistribuidora.com.br\/site\/#organization\",\"name\":\"Soberana Distribuidora\",\"url\":\"https:\/\/soberanadistribuidora.com.br\/site\/\",\"sameAs\":[\"https:\/\/www.facebook.com\/soberanadistribuidora\",\"https:\/\/www.instagram.com\/soberanadistribuidora\/\"],\"logo\":{\"@type\":\"ImageObject\",\"@id\":\"https:\/\/soberanadistribuidora.com.br\/site\/#logo\",\"inLanguage\":\"pt-BR\",\"url\":\"https:\/\/soberanadistribuidora.com.br\/site\/wp-content\/uploads\/2020\/04\/sob.png\",\"width\":244,\"height\":85,\"caption\":\"Soberana Distribuidora\"},\"image\":{\"@id\":\"https:\/\/soberanadistribuidora.com.br\/site\/#logo\"}},{\"@type\":\"WebSite\",\"@id\":\"https:\/\/soberanadistribuidora.com.br\/site\/#website\",\"url\":\"https:\/\/soberanadistribuidora.com.br\/site\/\",\"name\":\"Soberana Distribuidora\",\"description\":\"Utens\\u00edlios de cozinha para bares, hot\\u00e9is e restaurantes\",\"publisher\":{\"@id\":\"https:\/\/soberanadistribuidora.com.br\/site\/#organization\"},\"potentialAction\":[{\"@type\":\"SearchAction\",\"target\":\"https:\/\/soberanadistribuidora.com.br\/site\/?s={search_term_string}\",\"query-input\":\"required name=search_term_string\"}],\"inLanguage\":\"pt-BR\"},{\"@type\":\"ImageObject\",\"@id\":\"https:\/\/soberanadistribuidora.com.br\/site\/?product=quebra-nozes-tramontina#primaryimage\",\"inLanguage\":\"pt-BR\",\"url\":\"https:\/\/soberanadistribuidora.com.br\/site\/wp-content\/uploads\/2020\/05\/quebra-nozes-tramontinA.jpg\",\"width\":600,\"height\":600,\"caption\":\"quebra-nozes\"},{\"@type\":\"WebPage\",\"@id\":\"https:\/\/soberanadistribuidora.com.br\/site\/?product=quebra-nozes-tramontina#webpage\",\"url\":\"https:\/\/soberanadistribuidora.com.br\/site\/?product=quebra-nozes-tramontina\",\"name\":\"Quebra Nozes | Soberana Distribuidora\",\"isPartOf\":{\"@id\":\"https:\/\/soberanadistribuidora.com.br\/site\/#website\"},\"primaryImageOfPage\":{\"@id\":\"https:\/\/soberanadistribuidora.com.br\/site\/?product=quebra-nozes-tramontina#primaryimage\"},\"datePublished\":\"2020-05-20T15:36:59+00:00\",\"dateModified\":\"2020-09-03T17:15:58+00:00\",\"description\":\"O quebra nozes da Tramontina tem um cabo com designer diferenciado, com detalhes para maior firmeza e seguran\\u00e7a no manuseio. Confira!\",\"inLanguage\":\"pt-BR\",\"potentialAction\":[{\"@type\":\"ReadAction\",\"target\":[\"https:\/\/soberanadistribuidora.com.br\/site\/?product=quebra-nozes-tramontina\"]}]}]}<\/script>\n<!-- \/ Yoast SEO plugin. -->","_links":{"self":[{"href":"https:\/\/soberanadistribuidora.com.br\/site\/index.php?rest_route=\/wp\/v2\/product\/11032","targetHints":{"allow":["GET"]}}],"collection":[{"href":"https:\/\/soberanadistribuidora.com.br\/site\/index.php?rest_route=\/wp\/v2\/product"}],"about":[{"href":"https:\/\/soberanadistribuidora.com.br\/site\/index.php?rest_route=\/wp\/v2\/types\/product"}],"replies":[{"embeddable":true,"href":"https:\/\/soberanadistribuidora.com.br\/site\/index.php?rest_route=%2Fwp%2Fv2%2Fcomments&post=11032"}],"wp:featuredmedia":[{"embeddable":true,"href":"https:\/\/soberanadistribuidora.com.br\/site\/index.php?rest_route=\/wp\/v2\/media\/11034"}],"wp:attachment":[{"href":"https:\/\/soberanadistribuidora.com.br\/site\/index.php?rest_route=%2Fwp%2Fv2%2Fmedia&parent=11032"}],"curies":[{"name":"wp","href":"https:\/\/api.w.org\/{rel}","templated":true}]}}

<p>O quebra nozes da Tramontina tem um cabo com designer diferenciado, com detalhes para maior firmeza e segurança no manuseio.</p>
<p>Pode ir à máquina de lavar louças facilitando seu dia a dia.</p>
<p>Para maior durabilidade do produto recomenda-se secar bem antes de guardar, mesmo após lavagem em máquina</p>

<!-- This site is optimized with the Yoast SEO plugin v15.4 - https://yoast.com/wordpress/plugins/seo/ -->
<title>Quebra Nozes | Soberana Distribuidora</title>
<meta name="description" content="O quebra nozes da Tramontina tem um cabo com designer diferenciado, com detalhes para maior firmeza e segurança no manuseio. Confira!" />
<meta name="robots" content="index, follow, max-snippet:-1, max-image-preview:large, max-video-preview:-1" />
<link rel="canonical" href="https://soberanadistribuidora.com.br/site/?product=quebra-nozes-tramontina" />
<meta property="og:locale" content="pt_BR" />
<meta property="og:type" content="article" />
<meta property="og:title" content="Quebra Nozes | Soberana Distribuidora" />
<meta property="og:description" content="O quebra nozes da Tramontina tem um cabo com designer diferenciado, com detalhes para maior firmeza e segurança no manuseio. Confira!" />
<meta property="og:url" content="https://soberanadistribuidora.com.br/site/?product=quebra-nozes-tramontina" />
<meta property="og:site_name" content="Soberana Distribuidora" />
<meta property="article:publisher" content="https://www.facebook.com/soberanadistribuidora" />
<meta property="article:modified_time" content="2020-09-03T17:15:58+00:00" />
<meta property="og:image" content="https://soberanadistribuidora.com.br/site/wp-content/uploads/2020/05/quebra-nozes-tramontinA.jpg" />
	<meta property="og:image:width" content="600" />
	<meta property="og:image:height" content="600" />
<meta name="twitter:card" content="summary_large_image" />
<meta name="twitter:label1" content="Written by">
	<meta name="twitter:data1" content="Clara Gonçalves de Oliveira">
	<meta name="twitter:label2" content="Est. reading time">
	<meta name="twitter:data2" content="0 minuto">
<script type="application/ld+json" class="yoast-schema-graph">{"@context":"https://schema.org","@graph":[{"@type":"Organization","@id":"https://soberanadistribuidora.com.br/site/#organization","name":"Soberana Distribuidora","url":"https://soberanadistribuidora.com.br/site/","sameAs":["https://www.facebook.com/soberanadistribuidora","https://www.instagram.com/soberanadistribuidora/"],"logo":{"@type":"ImageObject","@id":"https://soberanadistribuidora.com.br/site/#logo","inLanguage":"pt-BR","url":"https://soberanadistribuidora.com.br/site/wp-content/uploads/2020/04/sob.png","width":244,"height":85,"caption":"Soberana Distribuidora"},"image":{"@id":"https://soberanadistribuidora.com.br/site/#logo"}},{"@type":"WebSite","@id":"https://soberanadistribuidora.com.br/site/#website","url":"https://soberanadistribuidora.com.br/site/","name":"Soberana Distribuidora","description":"Utens\u00edlios de cozinha para bares, hot\u00e9is e restaurantes","publisher":{"@id":"https://soberanadistribuidora.com.br/site/#organization"},"potentialAction":[{"@type":"SearchAction","target":"https://soberanadistribuidora.com.br/site/?s={search_term_string}","query-input":"required name=search_term_string"}],"inLanguage":"pt-BR"},{"@type":"ImageObject","@id":"https://soberanadistribuidora.com.br/site/?product=quebra-nozes-tramontina#primaryimage","inLanguage":"pt-BR","url":"https://soberanadistribuidora.com.br/site/wp-content/uploads/2020/05/quebra-nozes-tramontinA.jpg","width":600,"height":600,"caption":"quebra-nozes"},{"@type":"WebPage","@id":"https://soberanadistribuidora.com.br/site/?product=quebra-nozes-tramontina#webpage","url":"https://soberanadistribuidora.com.br/site/?product=quebra-nozes-tramontina","name":"Quebra Nozes | Soberana Distribuidora","isPartOf":{"@id":"https://soberanadistribuidora.com.br/site/#website"},"primaryImageOfPage":{"@id":"https://soberanadistribuidora.com.br/site/?product=quebra-nozes-tramontina#primaryimage"},"datePublished":"2020-05-20T15:36:59+00:00","dateModified":"2020-09-03T17:15:58+00:00","description":"O quebra nozes da Tramontina tem um cabo com designer diferenciado, com detalhes para maior firmeza e seguran\u00e7a no manuseio. Confira!","inLanguage":"pt-BR","potentialAction":[{"@type":"ReadAction","target":["https://soberanadistribuidora.com.br/site/?product=quebra-nozes-tramontina"]}]}]}</script>
<!-- / Yoast SEO plugin. -->
